et k be 2*-2*21/(-14). What is the tens digit of 2/k - (-268)/6?
4
Suppose -6 = -p - p - 2*h, 0 = 5*p - 2*h - 29. Suppose 0 = p*f - 63 - 2. What is the tens digit of f?
1
Let a = 84 + 6. What is the units digit of a?
0
Let z(i) = -7 + 1 - i + 1 + 1. Let s be z(-11). Suppose 3 = 2*m + x, -s - 2 = -4*m - x. What is the units digit of m?
3
Suppose 10 = n + 5*v, -1 = -n + 3*v + 9. Let s = 22 - n. Suppose -2*o = -6*o + s. What is the units digit of o?
3
Suppose -4*h - 2*x + 63 = 3*x, -3*h + x = -33. What is the units digit of ((-3)/(-6))/(2/h)?
3
Suppose -2*v - 12 - 12 = 0. Let q = 33 + v. Suppose 4*l - q - 15 = 0. What is the units digit of l?
9
Suppose 178 + 557 = 7*n. What is the tens digit of n?
0
Suppose 2*j = 4*j. Suppose -4*z - d + 47 = j, z - 6*z = 3*d - 57. What is the tens digit of z?
1
Suppose -d + 3*d - 2 = 0. Suppose 8 = -2*s + j, 3*s - 5*j = 8*s + 50. Let f = d - s. What is the units digit of f?
7
Suppose -17 - 19 = 3*w. Let h = -3 - w. What is the units digit of h?
9
Let s = -63 - -117. Suppose 3*r - s = -0*r. Let n = r - 10. What is the units digit of n?
8
Let d = 34 + -5. What is the units digit of d?
9
Let h = -69 - -93. What is the tens digit of h?
2
Let b = -8 - -12. What is the units digit of b?
4
Let g(n) = n + 4. Let c(k) = -2*k + 9. Let x = 10 - 4. Let i be c(x). What is the units digit of g(i)?
1
Let o be 6/(-16) - (-29)/(-8). What is the units digit of (o - -6)/(-2) + 3?
2
Let j(r) = r + 1. Let k(l) = l - 6. Let c(p) = 4*j(p) + k(p). What is the units digit of c(2)?
8
What is the units digit of 39/15 + 3/(-5)?
2
Let k(i) = -2*i**3 - i**2 - 2. Suppose 3*a + 3*a = -18. What is the tens digit of k(a)?
4
What is the tens digit of 3/((-1)/(-76)*4)?
5
Suppose 3*g + 95 - 335 = 5*b, g = -2*b + 69. What is the tens digit of g?
7
Let c(x) = 19*x**3 + 1. Let i be c(1). Suppose -6 = 5*k - 3*k, i = b - 4*k. Let n = b + 1. What is the units digit of n?
9
Suppose 220 = 25*i - 21*i. What is the units digit of i?
5
What is the tens digit of 12/(-8) - 1/(2/(-117))?
5
Suppose 0*k = -2*k + 12. Suppose -5*u = -v - 8 - 4, -v + k = 4*u. Suppose u*z - 1 = 5. What is the units digit of z?
3
Let h(v) = -v**2 - 1. Let z(f) = -6*f**2 + 12*f + 9. Let s(d) = -5*h(d) + z(d). What is the units digit of s(13)?
1
Let s = -5 - -6. Suppose -r - s = -3. Suppose 2*y + 3*p + r = 1, -12 = 4*p. What is the units digit of y?
4
Let t = -2 - -6. Suppose -3*w = -4*n + 98, 5*n = t*w - 2*w + 119. Suppose n = 5*j - 17. What is the units digit of j?
8
Let o(i) = -i**3 - i**2 + i + 5. Let c be o(0). Suppose 138 = c*j - 97. What is the tens digit of j?
4
Let s(g) = -g**2 - 5*g - 1. Let w be s(-2). Suppose 0 = -w*y + 3*a + 37, -2*y - y = -a - 23. Suppose -y = 2*b - 6*b. What is the units digit of b?
2
Let x = 1 + -3. Let z(j) = 2*j**2 + j + 1. What is the units digit of z(x)?
7
Let z = -10 - -10. What is the units digit of z + 3 + 1 + -2?
2
Let z(y) = -11*y + 13. What is the units digit of z(-3)?
6
Let t be (-12)/(-16)*4*129. What is the tens digit of (2/3)/(6/t)?
4
Suppose b = -2*b - 4*o - 94, 3*b = -5*o - 95. Let y be (-8)/(-4) - b/1. Let u = y + -22. What is the tens digit of u?
1
Let r(j) = j**3 + 6*j**2 - 3*j - 8. Let h be r(-6). Let n be (21/(-5))/((-1)/10). Suppose x = -m + h, -x - 5*m = 3*x - n. What is the units digit of x?
8
Suppose -5*o + 54 = x - o, x - 48 = 2*o. What is the tens digit of x?
5
Suppose -n + 65 = 2*b, n - 46 = 4*b + 49. What is the tens digit of n?
7
Suppose -2*z - 4 = -16. Let i(o) = 2*o - 8. What is the units digit of i(z)?
4
Suppose -3*t - 3*r = -8*t - 26, -3*t = -3*r + 18. Let h be ((-8)/(-6))/(t/12). Let y(l) = -l**3 - 2*l**2 + 3*l - 3. What is the tens digit of y(h)?
1
Suppose -4*c + 48 = 3*j, -2*j - 2*c = -6*c - 12. What is the tens digit of j?
1
Let f(c) = -c**2 + 9*c + 12. Let h be f(10). Suppose y - 26 = -5*a + 6, 3*a - 92 = -h*y. What is the units digit of y?
2
Let c(w) = -212*w**3 - w**2 - w. What is the hundreds digit of c(-1)?
2
What is the tens digit of (2/(-7))/(2/(-182))?
2
Let u(q) be the second derivative of -q**3/6 + 3*q**2 - 3*q. What is the tens digit of u(-6)?
1
Let f = 59 - 35. What is the units digit of 11/(44/f) - -1?
7
Let v(p) = p**2 + 13*p + 2. Let f be v(-13). Suppose -f*q = 5*h - 71, -2*q + 59 = -h + 6. What is the units digit of q?
8
Suppose -t - x = -4*t + 5, -10 = -2*t - x. What is the units digit of ((-4)/t)/((-2)/3)?
2
Let j(l) = -l + 6. Suppose 4 = 4*s - 4*u, 5*s - 4*u = 9 - 0. Suppose -2*q - 2 = b, 0 - 5 = -b + s*q. What is the units digit of j(b)?
6
Let f = 861 + -550. What is the units digit of f?
1
Suppose -7 + 1 = -2*s. Suppose -s*o + 14 = 11. What is the units digit of o?
1
Suppose 0 = -s + 3*c + 6, 4*s = s + c + 18. Let b = s + -12. What is the units digit of (-22)/b + 1/3?
4
Let l(x) = 0*x - x - 3 - 2*x. Let w be l(-3). Suppose -2*c + 4*n + 14 = w*n, -n = -c - 3. What is the units digit of c?
2
Suppose 0 = -2*j - j + 9. Suppose -2*n = -j + 1. What is the units digit of n?
1
Let j(d) = -d**3 + 5*d**2 + 7*d + 5. Let f be j(6). Suppose -f = r - 0*r. Let o = r - -16. What is the units digit of o?
5
Let j = -92 + 142. What is the tens digit of j?
5
Suppose 4 = 5*v - 6. Suppose 0 = 2*r + q - 11, 0 = -r - v*q + 2 + 5. What is the units digit of r?
5
Let b(x) = x**2 + 4*x + 10. Suppose -1 = -a - 8. What is the tens digit of b(a)?
3
Let k be (-2 - -4 - -2) + 0. Suppose -2*b + 4 + 4 = -k*v, -3*b + 4*v + 16 = 0. What is the units digit of b?
8
Let p(a) = -a - 7. Let i be p(-5). Let y be (-5)/(-10) + (-5)/i. Suppose -y*u + 4*u = 7. What is the units digit of u?
7
Suppose 0 = 5*t - 269 - 281. What is the hundreds digit of t?
1
Let q = 16 - 29. Let y = -5 - q. Let i = 1 + y. What is the units digit of i?
9
Let f be (1 - 2/4)*-4. Let l be 42/(3/f + 0). What is the tens digit of (-75)/(-7) + (-8)/l?
1
Suppose 0*b = 5*v - 2*b - 156, 4*v = b + 123. What is the tens digit of 4/v - 478/(-15)?
3
Let r(f) = -f**3 - 7*f**2 - 12*f - 4. What is the hundreds digit of r(-10)?
4
Suppose 3*q - 14 = 22. Let l be (-13)/(-6) + (-2)/q. What is the units digit of 5 + l/(-2) + -1?
3
Let g = 79 + 11. What is the tens digit of g?
9
Suppose -3*a = -6 - 6. Let m = a - 1. Suppose -m*v - v - 5*g + 23 = 0, -4*g = v - 3. What is the units digit of v?
7
What is the units digit of (-37 - 21)/(-1 + 8/10)?
0
Let v(p) = -15*p**3 + 7*p**3 + 4 + 6*p**2 + 7*p**3 + 2*p. What is the units digit of v(6)?
6
What is the units digit of -1 + 10 + 3 + -5?
7
Let v(y) = 2*y**2 + 2*y. Let b be v(-2). Suppose 3*q + 5 = -b*s + 13, 0 = -s - 4. What is the units digit of q - (-2)/(-4)*2?
7
Suppose 4*v + 117 = 637. What is the units digit of v?
0
Suppose 14 = l + 4. Let y = 0 - -4. What is the units digit of -5*((-32)/l)/y?
4
Let d(u) = 24*u - 14. What is the units digit of d(4)?
2
Suppose 3*d - 218 = -k - 4*k, -d = -3*k + 142. What is the tens digit of k?
4
Suppose -18 + 3 = -3*x. Let r(t) = t**3 - 5*t**2 + 2*t - 7. Let h be r(x). Suppose m = -h*m + 20. What is the units digit of m?
5
Let u(o) = -o + 5. Suppose -f = -5*f. What is the units digit of u(f)?
5
Let f be (-7)/(-2)*(-2)/(-1). Suppose -p + 2*p - f = 0. What is the units digit of p?
7
Let s(y) be the second derivative of -y**4/12 - 5*y**3/3 - 7*y**2/2 - 2*y. Suppose 4*r + 22 = 2*x, 3*r - 4*x + 34 = -6*x. What is the units digit of s(r)?
9
Suppose -4*m = 2*p + 3 + 5, 2*p + 2*m + 4 = 0. Let n(z) = -z + 4. What is the units digit of n(p)?
4
Let u(d) = d**3 - d + 11. Let m = 12 + -12. What is the tens digit of u(m)?
1
Let a(s) = s + 1. Let z be a(1). Suppose -4*n + 46 = -z. What is the tens digit of n?
1
Suppose 4*j + a - 810 = -j, -3*j = 3*a - 486. What is the units digit of (-2)/(-7) - j/(-21)?
8
Let n = -85 - 48. Let r = -94 - n. What is the tens digit of r?
3
Let m be 16/6 - (-4)/(-6). Suppose 0*o - 5*o - l + 64 = 0, -4*o = m*l - 56. Suppose -2*r = 2*r - o. What is the units digit of r?
3
Let o(z) = -32*z + 1. What is the tens digit of o(-1)?
3
Suppose c + 5 = -8. Let k be (3 + c)/(6/(-3)). Let a = 7 - k. What is the units digit of a?
2
Let d = -82 - -212. What is the units digit of d?
0
Let t(d) = -d**3 - 3*d**2 + 4*d + 4. Let v be t(-4). Let s be 2/2 - (-3 + v). What is the units digit of 42/3 + (s - -2)?
6
Suppose 100 = 3*b + 2*b. What is the units digit of b?
0
Let b(u) = -13*u + 2. Let c be b(-2). Le